onvert 85 (base 11) to base 9.
113
Convert 21 (base 14) to base 2.
11101
What is 2 (base 14) in base 12?
2
Convert 101 (base 4) to base 5.
32
Convert -2 (base 6) to base 3.
-2
-421 (base 6) to base 9
-184
Convert -46 (base 12) to base 10.
-54
Convert 2 (base 3) to base 7.
2
What is 0 (base 9) in base 7?
0
Convert -15 (base 9) to base 12.
-12
Convert 55 (base 13) to base 14.
50
Convert -9 (base 10) to base 4.
-21
Convert 19 (base 10) to base 2.
10011
What is -12 (base 6) in base 4?
-20
What is -33 (base 5) in base 7?
-24
Convert -12 (base 11) to base 5.
-23
Convert -2d (base 14) to base 6.
-105
-1212 (base 4) to base 12
-86
What is 1101 (base 2) in base 14?
d
What is 1d (base 14) in base 11?
25
Convert 111 (base 2) to base 7.
10
What is d (base 16) in base 6?
21
Convert -3 (base 14) to base 16.
-3
What is -17 (base 8) in base 7?
-21
Convert -3 (base 15) to base 9.
-3
Convert 101 (base 2) to base 9.
5
-80 (base 13) to base 16
-68
Convert 143 (base 10) to base 6.
355
What is 0 (base 9) in base 4?
0
What is 6 (base 11) in base 12?
6
Convert -1011 (base 2) to base 3.
-102
What is 1 (base 10) in base 14?
1
19 (base 12) to base 11
1a
Convert a (base 13) to base 11.
a
What is 32 (base 8) in base 12?
22
What is 6 (base 15) in base 8?
6
Convert 1 (base 14) to base 6.
1
-11 (base 2) to base 8
-3
Convert 110 (base 5) to base 12.
26
Convert -5 (base 14) to base 9.
-5
Convert -73 (base 12) to base 6.
-223
-1234 (base 5) to base 15
-ce
Convert 11 (base 2) to base 14.
3
Convert 2c (base 13) to base 4.
212
Convert 2 (base 13) to base 8.
2
What is -10a (base 11) in base 7?
-245
10131 (base 4) to base 14
165
-1 (base 2) to base 15
-1
83 (base 10) to base 13
65
11 (base 8) to base 5
14
101 (base 16) to base 5
2012
What is 135 (base 6) in base 7?
113
-14 (base 5) to base 11
-9
17 (base 9) to base 14
12
Convert -243 (base 6) to base 9.
-120
What is -2 (base 10) in base 12?
-2
What is -23 (base 10) in base 12?
-1b
-20 (base 4) to base 15
-8
Convert -100 (base 5) to base 2.
-11001
-21 (base 10) to base 2
-10101
74 (base 10) to base 5
244
Convert 340 (base 6) to base 9.
156
What is -42 (base 14) in base 11?
-53
Convert -15 (base 8) to base 15.
-d
1 (base 9) to base 3
1
Convert 5 (base 16) to base 13.
5
-73 (base 16) to base 9
-137
What is -1 (base 8) in base 14?
-1
32 (base 6) to base 16
14
-5 (base 8) to base 5
-10
What is -b7 (base 16) in base 7?
-351
4 (base 6) to base 16
4
What is -641 (base 8) in base 5?
-3132
What is -15 (base 11) in base 13?
-13
What is -3313 (base 4) in base 15?
-117
What is 1 (base 11) in base 6?
1
-14 (base 14) to base 10
-18
1110 (base 2) to base 10
14
Convert 1d (base 14) to base 12.
23
Convert -4 (base 12) to base 6.
-4
What is 5 (base 13) in base 2?
101
Convert -1 (base 11) to base 4.
-1
-5 (base 6) to base 5
-10
What is -3 (base 11) in base 12?
-3
Convert 0 (base 11) to base 2.
0
Convert -3 (base 8) to base 4.
-3
-44 (base 9) to base 13
-31
-3 (base 7) to base 13
-3
Convert 1001110 (base 2) to base 9.
86
What is -4 (base 16) in base 5?
-4
Convert -5 (base 9) to base 4.
-11
What is -125 (base 8) in base 13?
-67
What is 1 (base 7) in base 16?
1
Convert 8 (base 14) to base 3.
22
-3 (base 6) to base 12
-3
What is 20 (base 13) in base 11?
24
Convert -44 (base 6) to base 9.
-31
What is 0 (base 11) in base 4?
0
111010 (base 2) to base 16
3a
What is -1 (base 5) in base 13?
-1
Convert 41 (base 6) to base 9.
27
306 (base 8) to base 13
123
What is -23 (base 9) in base 13?
-18
10 (base 10) to base 2
1010
Convert 313 (base 4) to base 9.
61
What is 0 (base 12) in base 4?
0
What is -3 (base 10) in base 11?
-3
c1 (base 13) to base 16
9d
What is 200 (base 6) in base 12?
60
What is 227 (base 8) in base 13?
b8
11 (base 4) to base 11
5
Convert -20 (base 10) to base 9.
-22
Convert -5 (base 15) to base 5.
-10
-1e (base 15) to base 9
-32
Convert 5 (base 6) to base 2.
101
Convert -11 (base 3) to base 9.
-4
5 (base 14) to base 6
5
2 (base 9) to base 10
2
c (base 15) to base 14
c
Convert 2 (base 8) to base 6.
2
What is 7 (base 16) in base 13?
7
Convert -324 (base 8) to base 15.
-e2
Convert -22 (base 8) to base 14.
-14
Convert 5 (base 14) to base 12.
5
-8 (base 11) to base 2
-1000
123 (base 5) to base 13
2c
Convert -11 (base 5) to base 12.
-6
1001011 (base 2) to base 4
1023
Convert -239 (base 11) to base 4.
-10130
What is 6 (base 9) in base 14?
6
What is 35 (base 16) in base 10?
53
1210 (base 3) to base 11
44
What is 86 (base 16) in base 7?
251
Convert -1 (base 15) to base 14.
-1
-2422 (base 5) to base 11
-2aa
What is 60 (base 11) in base 2?
1000010
What is -46 (base 7) in base 4?
-202
Convert -23 (base 8) to base 2.
-10011
40 (base 11) to base 16
2c
-11 (base 6) to base 14
-7
-1 (base 2) to base 8
-1
9 (base 11) to base 12
9
27 (base 9) to base 11
23
Convert -4 (base 11) to base 12.
-4
What is 32 (base 11) in base 10?
35
3d (base 16) to base 9
67
-12 (base 10) to base 3
-110
What is -400 (base 6) in base 14?
-a4
What is 8 (base 9) in base 6?
12
What is 1 (base 11) in base 12?
1
Convert 141 (base 5) to base 10.
46
What is 101 (base 4) in base 10?
17
What is -1 (base 6) in base 11?
-1
-3 (base 10) to base 12
-3
Convert 10 (base 2) to base 15.
2
Convert -10 (base 7) to base 14.
-7
Convert 110 (base 4) to base 2.
10100
What is -111 (base 2) in base 9?
-7
4 (base 12) to base 4
10
What is 2 (base 6) in base 7?
2
Convert 3 (base 11) to base 2.
11
What is 7 (base 8) in base 5?
12
9 (base 12) to base 4
21
11 (base 3) to base 12
4
-110201 (base 3) to base 6
-1331
45 (base 13) to base 2
111001
2 (base 3) to base 9
2
Convert -122 (base 4) to base 8.
-32
Convert 118 (base 14) to base 12.
162
5 (base 14) to base 3
12
11 (base 3) to base 15
4
0 (base 6) to base 10
0
-80 (base 16) to base 2
-10000000
What is -c (base 13) in base 9?
-13
What is 15f (base 16) in base 3?
111000
Convert -159 (base 11) to base 14.
-d3
Convert 3 (base 13) to base 10.
3
-103 (base 4) to base 6
-31
-88 (base 12) to base 11
-95
What is 1b (base 14) in base 12?
21
Convert 3 (base 9) to base 3.
10
Convert -11 (base 3) to base 5.
-4
db (base 14) to base 11
166
What is -1 (base 10) in base 13?
-1
-5 (base 13) to base 8
-5
What is 220 (base 3) in base 7?
33
What is 32 (base 7) in base 14?
19
Convert 123 (base 8) to base 3.
10002
3a (base 12) to base 4
232
Convert 1111100 (base 2) to base 14.
8c
Convert -3 (base 7) to base 6.
-3
-11 (base 5) to base 6
-10
-6 (base 13) to base 15
-6
-2 (base 13) to base 10
-2
-16 (base 14) to base 8
-24
41 (base 8) to base 13
27
What is 4 (base 15) in base 4?
10
What is -1112 (base 5) in base 6?
-421
What is -2 (base 11) in base 15?
-2
-76 (base 8) to base 11
-57
Convert 0 (base 10) to base 13.
0
Convert 201 (base 3) to base 2.
10011
Convert 431 (base 8) to base 5.
2111
Convert 1 (base 6) to base 9.
1
What is f (base 16) in base 13?
12
Convert 3 (base 13) to base 16.
3
-32 (base 15) to base 10
-47
Convert 13 (base 6) to base 7.
12
What is 9 (base 15) in base 4?
21
-1333 (base 4) to base 10
-127
Convert 34 (base 5) to base 16.
13
Convert 47 (base 10) to base 6.
115
What is 54 (base 12) in base 8?
100
What is -11 (base 11) in base 12?
-10
Convert 27 (base 9) to base 13.
1c
What is -4 (base 10) in base 15?
-4
-10 (base 11) to base 4
-23
134 (base 6) to base 12
4a
Convert 0 (base 7) to base 15.
0
What is 1e (base 15) in base 2?
11101
-2 (base 6) to base 4
-2
What is 17 (base 15) in base 3?
211
Convert -6 (base 12) to base 14.
-6
What is 5 (base 9) in base 5?
10
-102 (base 11) to base 16
-7b
What is 1 (base 9) in base 6?
1
Convert 2 (base 13) to base 14.
2
What is 52 (base 12) in base 11?
57
What is 4 (base 16) in base 9?
4
70 (base 13) to base 6
231
Convert a (base 14) to base 12.
a
What is -4 (base 15) in base 3?
-11
Convert 34 (base 6) to base 14.
18
111010 (base 2) to base 14
42
504 (base 7) to base 4
3321
-3 (base 9) to base 5
-3
Convert -5d (base 14) to base 4.
-1103
Convert 2 (base 13) to base 12.
2
Convert -20110 (base 3) to base 2.
-10101110
What is -24 (base 14) in base 9?
-35
-7e (base 15) to base 8
-167
What is -45 (base 9) in base 16?
-29
7 (base 12) to base 5
12
Convert 12 (base 6) to base 10.
8
-27 (base 8) to base 5
-43
-97 (base 10) to base 5
-342
-1131 (base 4) to base 6
-233
What is 22100 (base 3) in base 8?
341
12 (base 6) to base 14
8
Convert -34 (base 7) 